 of 2 and 142?
2
What is the highest common factor of 408 and 24?
24
Calculate the highest common divisor of 15 and 1095.
15
What is the highest common factor of 6776 and 112?
56
What is the greatest common factor of 1300 and 10140?
260
Calculate the greatest common factor of 2190 and 300.
30
What is the greatest common divisor of 627 and 1155?
33
Calculate the greatest common divisor of 4 and 484.
4
Calculate the greatest common factor of 522 and 144.
18
What is the highest common factor of 392 and 1120?
56
What is the greatest common factor of 24 and 2424?
24
What is the highest common factor of 7 and 231?
7
Calculate the greatest common factor of 162 and 684.
18
What is the highest common factor of 51836 and 4?
4
What is the highest common divisor of 1300 and 78?
26
What is the highest common divisor of 170 and 2635?
85
Calculate the greatest common divisor of 8309 and 7.
7
What is the greatest common factor of 245 and 392?
49
Calculate the greatest common divisor of 1255 and 5.
5
What is the greatest common divisor of 1 and 31?
1
Calculate the highest common divisor of 128 and 16.
16
What is the highest common divisor of 10375 and 375?
125
What is the greatest common factor of 2976 and 240?
48
What is the highest common divisor of 2820 and 120?
60
What is the highest common divisor of 109 and 97?
1
What is the highest common divisor of 51 and 21981?
51
What is the greatest common factor of 135 and 255?
15
What is the highest common divisor of 9345 and 195?
15
What is the highest common factor of 132 and 180?
12
Calculate the highest common factor of 50 and 6.
2
Calculate the greatest common factor of 106 and 6466.
106
Calculate the greatest common factor of 6880 and 10.
10
Calculate the greatest common divisor of 16 and 11680.
16
Calculate the greatest common factor of 620 and 220.
20
Calculate the greatest common divisor of 5 and 6445.
5
What is the greatest common factor of 25 and 1055?
5
Calculate the highest common divisor of 230 and 2162.
46
What is the highest common factor of 2680 and 40?
40
What is the greatest common divisor of 390 and 234?
78
Calculate the greatest common factor of 8 and 200.
8
What is the highest common divisor of 7697 and 179?
179
What is the highest common divisor of 7 and 37?
1
What is the highest common divisor of 1020 and 3740?
340
What is the highest common divisor of 264 and 48?
24
What is the greatest common divisor of 5183 and 73?
73
What is the highest common divisor of 250 and 10?
10
What is the greatest common factor of 10 and 214?
2
What is the greatest common factor of 135 and 565?
5
What is the greatest common factor of 43 and 344?
43
What is the highest common factor of 10 and 410?
10
Calculate the greatest common factor of 410 and 10.
10
Calculate the greatest common factor of 198 and 54.
18
Calculate the highest common factor of 1528 and 8.
8
What is the greatest common factor of 113687 and 149?
149
What is the greatest common factor of 16 and 92?
4
Calculate the greatest common divisor of 2492 and 56.
28
What is the greatest common factor of 273 and 1407?
21
Calculate the highest common factor of 400 and 1550.
50
Calculate the highest common factor of 1357 and 472.
59
Calculate the greatest common divisor of 42 and 8.
2
What is the greatest common factor of 16 and 272?
16
What is the greatest common factor of 853 and 2?
1
What is the greatest common divisor of 485 and 5?
5
What is the highest common factor of 513 and 190?
19
What is the greatest common divisor of 8512 and 133?
133
What is the greatest common divisor of 2211 and 1023?
33
What is the greatest common divisor of 209 and 3553?
209
Calculate the greatest common factor of 454 and 142102.
454
What is the greatest common factor of 115 and 207?
23
Calculate the greatest common divisor of 444 and 518.
74
What is the highest common factor of 2303 and 47?
47
Calculate the highest common divisor of 296 and 5106.
74
What is the highest common factor of 1232 and 4543?
77
What is the highest common factor of 63152 and 32?
16
Calculate the highest common divisor of 110 and 7810.
110
Calculate the greatest common divisor of 47 and 8.
1
What is the greatest common divisor of 168 and 21?
21
Calculate the highest common divisor of 8 and 384.
8
What is the greatest common divisor of 11 and 17149?
11
Calculate the greatest common factor of 210 and 11060.
70
Calculate the greatest common divisor of 624 and 39.
39
Calculate the highest common factor of 1475 and 250.
25
What is the greatest common factor of 39 and 312?
39
What is the highest common factor of 532 and 56?
28
What is the greatest common factor of 21 and 2541?
21
Calculate the highest common divisor of 16 and 1000.
8
What is the highest common divisor of 264 and 352?
88
What is the greatest common factor of 5073 and 267?
267
Calculate the highest common factor of 90 and 580.
10
Calculate the highest common factor of 121 and 3509.
121
Calculate the greatest common factor of 1750 and 280.
70
What is the greatest common factor of 68 and 119?
17
What is the highest common divisor of 24 and 7116?
12
Calculate the greatest common divisor of 14 and 252.
14
Calculate the highest common factor of 2263 and 1314.
73
Calculate the greatest common divisor of 988 and 76.
76
Calculate the highest common factor of 6545 and 11.
11
Calculate the highest common divisor of 132 and 7428.
12
What is the highest common divisor of 12 and 1170?
6
What is the highest common divisor of 9306 and 264?
66
What is the highest common factor of 637 and 49?
49
Calculate the greatest common divisor of 69 and 3588.
69
What is the highest common divisor of 48 and 132?
12
Calculate the greatest common factor of 236 and 2714.
118
What is the greatest common factor of 88 and 7392?
88
Calculate the greatest common divisor of 500 and 2160.
20
Calculate the greatest common factor of 96 and 3024.
48
Calculate the greatest common factor of 2 and 74.
2
Calculate the highest common divisor of 672 and 840.
168
Calculate the highest common factor of 71 and 568.
71
Calculate the greatest common factor of 6401 and 173.
173
What is the highest common factor of 2684 and 1952?
244
What is the greatest common divisor of 560 and 224?
112
What is the highest common factor of 12 and 612?
12
Calculate the greatest common divisor of 10 and 2470.
10
Calculate the highest common divisor of 6 and 4.
2
Calculate the highest common factor of 160 and 380.
20
Calculate the highest common factor of 168 and 6636.
84
What is the greatest common divisor of 38 and 608?
38
Calculate the greatest common divisor of 70 and 3766.
14
Calculate the greatest common divisor of 3854 and 164.
82
Calculate the highest common factor of 12 and 192.
12
What is the highest common factor of 86 and 60286?
86
What is the highest common divisor of 784 and 64?
16
Calculate the greatest common factor of 8 and 19208.
8
Calculate the highest common factor of 126 and 42.
42
Calculate the highest common divisor of 32 and 64.
32
What is the highest common divisor of 37 and 6697?
37
Calculate the highest common factor of 47 and 4183.
47
What is the greatest common divisor of 30 and 4210?
10
Calculate the highest common divisor of 27 and 21.
3
What is the greatest common factor of 56 and 364?
28
What is the greatest common factor of 7980 and 42?
42
What is the highest common divisor of 356 and 10769?
89
What is the greatest common divisor of 4775 and 125?
25
What is the greatest common divisor of 146 and 5037?
73
Calculate the greatest common factor of 94658 and 106.
106
Calculate the highest common divisor of 253 and 299.
23
What is the highest common factor of 2301 and 39?
39
What is the greatest common factor of 384 and 144?
48
What is the highest common factor of 9153 and 113?
113
Calculate the greatest common divisor of 261 and 2407.
29
Calculate the greatest common factor of 5757 and 57.
57
What is the greatest common factor of 45 and 243?
9
What is the highest common divisor of 2988 and 48?
12
Calculate the greatest common factor of 7061 and 23.
23
Calculate the greatest common factor of 51 and 9.
3
Calculate the highest common factor of 15 and 15.
15
What is the greatest common divisor of 51 and 119?
17
Calculate the highest common factor of 35 and 3415.
5
Calculate the highes